{"id":260,"date":"2020-01-23T10:43:29","date_gmt":"2020-01-23T10:43:29","guid":{"rendered":"http:\/\/gerontocriminologia.com\/?page_id=260"},"modified":"2025-05-05T08:50:13","modified_gmt":"2025-05-05T08:50:13","slug":"home-2","status":"publish","type":"page","link":"https:\/\/gerontocriminologia.com\/","title":{"rendered":"Home"},"content":{"rendered":"\n<p>&nbsp;<\/p>\n\n\n\n<h1 class=\"wp-block-heading has-x-large-font-size\"><span style=\"color: #333333;\"><strong>\u00bfQu\u00e9 es la Gerontocriminolog\u00eda?<\/strong><\/span><\/h1>\n\n\n\n<p><\/p>\n\n\n\n<h3 class=\"wp-block-heading has-large-font-size\">Gerontocriminolog\u00eda es un termino que acu\u00f1\u00e9 y registr\u00e9 en 2015.<\/h3>\n\n\n<div class=\"wp-block-image is-style-rounded wp-duotone-rgba2305513207-ccc-1\">\n<figure class=\"aligncenter size-full is-resized\"><a href=\"https:\/\/gerontocriminologia.com\/wp-content\/uploads\/2025\/05\/GERONTOCRIMINOLOGIA.jpg\"><img loading=\"lazy\" decoding=\"async\" width=\"1024\" height=\"1024\" src=\"https:\/\/gerontocriminologia.com\/wp-content\/uploads\/2025\/05\/GERONTOCRIMINOLOGIA.jpg\" alt=\"\" class=\"wp-image-709\" style=\"aspect-ratio:0.75;object-fit:cover;width:262px;height:auto\" srcset=\"https:\/\/gerontocriminologia.com\/wp-content\/uploads\/2025\/05\/GERONTOCRIMINOLOGIA.jpg 1024w, https:\/\/gerontocriminologia.com\/wp-content\/uploads\/2025\/05\/GERONTOCRIMINOLOGIA-300x300.jpg 300w, https:\/\/gerontocriminologia.com\/wp-content\/uploads\/2025\/05\/GERONTOCRIMINOLOGIA-150x150.jpg 150w, https:\/\/gerontocriminologia.com\/wp-content\/uploads\/2025\/05\/GERONTOCRIMINOLOGIA-768x768.jpg 768w\" sizes=\"auto, (max-width: 1024px) 100vw, 1024px\" \/><\/a><\/figure><\/div>\n\n\n<p><\/p>\n\n\n\n<p><\/p>\n\n\n<div class=\"wp-block-image\">\n<figure class=\"aligncenter\"><a href=\"http:\/\/gerontocriminologia.com\/wp-content\/uploads\/2025\/05\/\u00bfQue-es-scaled.png\"><img loading=\"lazy\" decoding=\"async\" width=\"2560\" height=\"453\" src=\"http:\/\/gerontocriminologia.com\/wp-content\/uploads\/2025\/05\/\u00bfQue-es-scaled.png\" alt=\"\" class=\"wp-image-670\" srcset=\"https:\/\/gerontocriminologia.com\/wp-content\/uploads\/2025\/05\/\u00bfQue-es-scaled.png 2560w, https:\/\/gerontocriminologia.com\/wp-content\/uploads\/2025\/05\/\u00bfQue-es-300x53.png 300w, https:\/\/gerontocriminologia.com\/wp-content\/uploads\/2025\/05\/\u00bfQue-es-1024x181.png 1024w, https:\/\/gerontocriminologia.com\/wp-content\/uploads\/2025\/05\/\u00bfQue-es-768x136.png 768w, https:\/\/gerontocriminologia.com\/wp-content\/uploads\/2025\/05\/\u00bfQue-es-1536x272.png 1536w, https:\/\/gerontocriminologia.com\/wp-content\/uploads\/2025\/05\/\u00bfQue-es-2048x362.png 2048w\" sizes=\"auto, (max-width: 2560px) 100vw, 2560px\" \/><\/a><\/figure><\/div>\n\n\n<p>&nbsp;<\/p>\n\n\n\n<p><\/p>\n\n\n\n<p class=\"has-large-font-size\"><strong>Obtuvo la Menci\u00f3n Especial del I Premio a la Innovaci\u00f3n en materia criminol\u00f3gica 2016, otorgado por la Sociedad Espa\u00f1ola de Criminolog\u00eda-SECRIM.<\/strong><\/p>\n\n\n\n<p><\/p>\n\n\n\n<h1 class=\"wp-block-heading\" style=\"font-size:35px\"><\/h1>\n\n\n\n<p>&nbsp;<\/p>\n\n\n<div class=\"wp-block-image\">\n<figure class=\"aligncenter is-resized\"><a href=\"http:\/\/gerontocriminologia.com\/wp-content\/uploads\/2025\/05\/PREMIO.png\"><img loading=\"lazy\" decoding=\"async\" width=\"1024\" height=\"397\" src=\"http:\/\/gerontocriminologia.com\/wp-content\/uploads\/2025\/05\/PREMIO-1024x397.png\" alt=\"\" class=\"wp-image-671\" style=\"width:610px;height:auto\" srcset=\"https:\/\/gerontocriminologia.com\/wp-content\/uploads\/2025\/05\/PREMIO-1024x397.png 1024w, https:\/\/gerontocriminologia.com\/wp-content\/uploads\/2025\/05\/PREMIO-300x116.png 300w, https:\/\/gerontocriminologia.com\/wp-content\/uploads\/2025\/05\/PREMIO-768x298.png 768w, https:\/\/gerontocriminologia.com\/wp-content\/uploads\/2025\/05\/PREMIO.png 1277w\" sizes=\"auto, (max-width: 1024px) 100vw, 1024px\" \/><\/a><\/figure><\/div>\n\n\n<p><\/p>\n\n\n\n<p><a href=\"http:\/\/gerontocriminologia.com\/wp-content\/uploads\/2020\/10\/IMAGEN-1.png\">&nbsp;<\/a><\/p>\n\n\n\n<h1 class=\"wp-block-heading has-x-large-font-size\"><span style=\"color: #333333;\"><strong>\u00bfQu\u00e9 es este sitio web?<\/strong><\/span><\/h1>\n\n\n\n<p>&nbsp;<\/p>\n\n\n\n<p style=\"font-size:30px\">Es un espacio para compartir el enfoque de la Gerontocriminolog\u00eda y su utilidad. Recoge las reflexiones y contenidos que fundamentan este t\u00e9rmino. Dicho en otras palabras, es el soporte para comunicar la dimensi\u00f3n te\u00f3rica del t\u00e9rmino.<\/p>\n\n\n\n<p>&nbsp;<\/p>\n\n\n\n<h2 class=\"wp-block-heading has-contrast-2-color has-text-color has-link-color has-x-large-font-size wp-elements-7236af254f23c3fe64d5f2c348661425\"><span style=\"color: #333333;\"><strong>\u00bfY c\u00f3mo le damos utilidad a la Gerontocriminolog\u00eda?<\/strong><\/span><\/h2>\n\n\n\n<p>&nbsp;<\/p>\n\n\n\n<p style=\"font-size:30px\">A trav\u00e9s de investigaciones y actividades de formaci\u00f3n para profesionales, personas mayores y ciudadan\u00eda en general, que se prestan desde Y-logika, Gabinete de Investigaci\u00f3n social, donde desarrollo mis servicios profesionales en colaboraci\u00f3n con mi socio Carlos D\u00edaz de Argando\u00f1a Fern\u00e1ndez.<\/p>\n\n\n\n<p style=\"font-size:30px\">&nbsp;Si quieres conocer la trayectoria de nuestro equipo o contratar nuestros servicios profesionales, te invito a visitar <a href=\"https:\/\/y-logika.com\">nuestra web<\/a>, donde tambi\u00e9n encontrar\u00e1s un blog en el que publicamos nuestras actividades m\u00e1s relevantes.&nbsp;<\/p>\n\n\n\n<p><\/p>\n\n\n<div class=\"wp-block-image is-style-default\">\n<figure class=\"aligncenter size-large is-resized\"><img loading=\"lazy\" decoding=\"async\" width=\"1024\" height=\"232\" src=\"https:\/\/gerontocriminologia.com\/wp-content\/uploads\/2025\/05\/Logo-ysc-horizonatl-investigacion-fondo-blanco-1024x232.png\" alt=\"\" class=\"wp-image-754\" style=\"width:695px;height:auto\" srcset=\"https:\/\/gerontocriminologia.com\/wp-content\/uploads\/2025\/05\/Logo-ysc-horizonatl-investigacion-fondo-blanco-1024x232.png 1024w, https:\/\/gerontocriminologia.com\/wp-content\/uploads\/2025\/05\/Logo-ysc-horizonatl-investigacion-fondo-blanco-300x68.png 300w, https:\/\/gerontocriminologia.com\/wp-content\/uploads\/2025\/05\/Logo-ysc-horizonatl-investigacion-fondo-blanco-768x174.png 768w, https:\/\/gerontocriminologia.com\/wp-content\/uploads\/2025\/05\/Logo-ysc-horizonatl-investigacion-fondo-blanco-1536x348.png 1536w, https:\/\/gerontocriminologia.com\/wp-content\/uploads\/2025\/05\/Logo-ysc-horizonatl-investigacion-fondo-blanco.png 1945w\" sizes=\"auto, (max-width: 1024px) 100vw, 1024px\" \/><\/figure><\/div>\n\n\n<p><\/p>\n\n\n\n<p>&nbsp;<\/p>\n\n\n\n<p>&nbsp;<\/p>\n\n\n\n<p>&nbsp;<\/p>\n\n\n\n<p><\/p>\n\n\n\n<p><\/p>\n\n\n\n<p><\/p>\n\n\n\n<p><\/p>\n\n\n\n<h6 class=\"wp-block-heading has-contrast-2-color has-text-color has-link-color has-small-font-size wp-elements-73111444565ef71c94fd7fe4e41a2b8b\">\u00a92015 Iratxe Herrero Zarate<\/h6>\n","protected":false},"excerpt":{"rendered":"<p>&nbsp; \u00bfQu\u00e9 es la Gerontocriminolog\u00eda? Gerontocriminolog\u00eda es un termino que acu\u00f1\u00e9 y registr\u00e9 en 2015. &nbsp; Obtuvo la Menci\u00f3n Especial del I Premio a la Innovaci\u00f3n en materia criminol\u00f3gica 2016, otorgado por la Sociedad Espa\u00f1ola de Criminolog\u00eda-SECRIM. &nbsp; &nbsp; \u00bfQu\u00e9 es este sitio web? &nbsp; Es un espacio para compartir el enfoque de la Gerontocriminolog\u00eda <a class=\"read-more\" href=\"https:\/\/gerontocriminologia.com\/\">Read More<\/a><\/p>\n","protected":false},"author":1,"featured_media":0,"parent":0,"menu_order":1,"comment_status":"closed","ping_status":"closed","template":"","meta":{"footnotes":""},"class_list":["post-260","page","type-page","status-publish","hentry"],"_links":{"self":[{"href":"https:\/\/gerontocriminologia.com\/index.php?rest_route=\/wp\/v2\/pages\/260","targetHints":{"allow":["GET"]}}],"collection":[{"href":"https:\/\/gerontocriminologia.com\/index.php?rest_route=\/wp\/v2\/pages"}],"about":[{"href":"https:\/\/gerontocriminologia.com\/index.php?rest_route=\/wp\/v2\/types\/page"}],"author":[{"embeddable":true,"href":"https:\/\/gerontocriminologia.com\/index.php?rest_route=\/wp\/v2\/users\/1"}],"replies":[{"embeddable":true,"href":"https:\/\/gerontocriminologia.com\/index.php?rest_route=%2Fwp%2Fv2%2Fcomments&post=260"}],"version-history":[{"count":46,"href":"https:\/\/gerontocriminologia.com\/index.php?rest_route=\/wp\/v2\/pages\/260\/revisions"}],"predecessor-version":[{"id":775,"href":"https:\/\/gerontocriminologia.com\/index.php?rest_route=\/wp\/v2\/pages\/260\/revisions\/775"}],"wp:attachment":[{"href":"https:\/\/gerontocriminologia.com\/index.php?rest_route=%2Fwp%2Fv2%2Fmedia&parent=260"}],"curies":[{"name":"wp","href":"https:\/\/api.w.org\/{rel}","templated":true}]}}

<p>&nbsp;</p>



<h1 class="wp-block-heading has-x-large-font-size"><span style="color: #333333;"><strong>¿Qué es la Gerontocriminología?</strong></span></h1>



<p></p>



<h3 class="wp-block-heading has-large-font-size">Gerontocriminología es un termino que acuñé y registré en 2015.</h3>


<div class="wp-block-image is-style-rounded wp-duotone-rgba2305513207-ccc-1">
<figure class="aligncenter size-full is-resized"><a href="https://gerontocriminologia.com/wp-content/uploads/2025/05/GERONTOCRIMINOLOGIA.jpg"><img loading="lazy" decoding="async" width="1024" height="1024" src="https://gerontocriminologia.com/wp-content/uploads/2025/05/GERONTOCRIMINOLOGIA.jpg" alt="" class="wp-image-709" style="aspect-ratio:0.75;object-fit:cover;width:262px;height:auto" srcset="https://gerontocriminologia.com/wp-content/uploads/2025/05/GERONTOCRIMINOLOGIA.jpg 1024w, https://gerontocriminologia.com/wp-content/uploads/2025/05/GERONTOCRIMINOLOGIA-300x300.jpg 300w, https://gerontocriminologia.com/wp-content/uploads/2025/05/GERONTOCRIMINOLOGIA-150x150.jpg 150w, https://gerontocriminologia.com/wp-content/uploads/2025/05/GERONTOCRIMINOLOGIA-768x768.jpg 768w" sizes="auto, (max-width: 1024px) 100vw, 1024px" /></a></figure></div>


<p></p>



<p></p>


<div class="wp-block-image">
<figure class="aligncenter"><a href="http://gerontocriminologia.com/wp-content/uploads/2025/05/¿Que-es-scaled.png"><img loading="lazy" decoding="async" width="2560" height="453" src="http://gerontocriminologia.com/wp-content/uploads/2025/05/¿Que-es-scaled.png" alt="" class="wp-image-670" srcset="https://gerontocriminologia.com/wp-content/uploads/2025/05/¿Que-es-scaled.png 2560w, https://gerontocriminologia.com/wp-content/uploads/2025/05/¿Que-es-300x53.png 300w, https://gerontocriminologia.com/wp-content/uploads/2025/05/¿Que-es-1024x181.png 1024w, https://gerontocriminologia.com/wp-content/uploads/2025/05/¿Que-es-768x136.png 768w, https://gerontocriminologia.com/wp-content/uploads/2025/05/¿Que-es-1536x272.png 1536w, https://gerontocriminologia.com/wp-content/uploads/2025/05/¿Que-es-2048x362.png 2048w" sizes="auto, (max-width: 2560px) 100vw, 2560px" /></a></figure></div>


<p>&nbsp;</p>



<p></p>



<p class="has-large-font-size"><strong>Obtuvo la Mención Especial del I Premio a la Innovación en materia criminológica 2016, otorgado por la Sociedad Española de Criminología-SECRIM.</strong></p>



<p></p>



<h1 class="wp-block-heading" style="font-size:35px"></h1>



<p>&nbsp;</p>


<div class="wp-block-image">
<figure class="aligncenter is-resized"><a href="http://gerontocriminologia.com/wp-content/uploads/2025/05/PREMIO.png"><img loading="lazy" decoding="async" width="1024" height="397" src="http://gerontocriminologia.com/wp-content/uploads/2025/05/PREMIO-1024x397.png" alt="" class="wp-image-671" style="width:610px;height:auto" srcset="https://gerontocriminologia.com/wp-content/uploads/2025/05/PREMIO-1024x397.png 1024w, https://gerontocriminologia.com/wp-content/uploads/2025/05/PREMIO-300x116.png 300w, https://gerontocriminologia.com/wp-content/uploads/2025/05/PREMIO-768x298.png 768w, https://gerontocriminologia.com/wp-content/uploads/2025/05/PREMIO.png 1277w" sizes="auto, (max-width: 1024px) 100vw, 1024px" /></a></figure></div>


<p></p>



<p><a href="http://gerontocriminologia.com/wp-content/uploads/2020/10/IMAGEN-1.png">&nbsp;</a></p>



<h1 class="wp-block-heading has-x-large-font-size"><span style="color: #333333;"><strong>¿Qué es este sitio web?</strong></span></h1>



<p>&nbsp;</p>



<p style="font-size:30px">Es un espacio para compartir el enfoque de la Gerontocriminología y su utilidad. Recoge las reflexiones y contenidos que fundamentan este término. Dicho en otras palabras, es el soporte para comunicar la dimensión teórica del término.</p>



<p>&nbsp;</p>



<h2 class="wp-block-heading has-contrast-2-color has-text-color has-link-color has-x-large-font-size wp-elements-7236af254f23c3fe64d5f2c348661425"><span style="color: #333333;"><strong>¿Y cómo le damos utilidad a la Gerontocriminología?</strong></span></h2>



<p>&nbsp;</p>



<p style="font-size:30px">A través de investigaciones y actividades de formación para profesionales, personas mayores y ciudadanía en general, que se prestan desde Y-logika, Gabinete de Investigación social, donde desarrollo mis servicios profesionales en colaboración con mi socio Carlos Díaz de Argandoña Fernández.</p>



<p style="font-size:30px">&nbsp;Si quieres conocer la trayectoria de nuestro equipo o contratar nuestros servicios profesionales, te invito a visitar <a href="https://y-logika.com">nuestra web</a>, donde también encontrarás un blog en el que publicamos nuestras actividades más relevantes.&nbsp;</p>



<p></p>


<div class="wp-block-image is-style-default">
<figure class="aligncenter size-large is-resized"><img loading="lazy" decoding="async" width="1024" height="232" src="https://gerontocriminologia.com/wp-content/uploads/2025/05/Logo-ysc-horizonatl-investigacion-fondo-blanco-1024x232.png" alt="" class="wp-image-754" style="width:695px;height:auto" srcset="https://gerontocriminologia.com/wp-content/uploads/2025/05/Logo-ysc-horizonatl-investigacion-fondo-blanco-1024x232.png 1024w, https://gerontocriminologia.com/wp-content/uploads/2025/05/Logo-ysc-horizonatl-investigacion-fondo-blanco-300x68.png 300w, https://gerontocriminologia.com/wp-content/uploads/2025/05/Logo-ysc-horizonatl-investigacion-fondo-blanco-768x174.png 768w, https://gerontocriminologia.com/wp-content/uploads/2025/05/Logo-ysc-horizonatl-investigacion-fondo-blanco-1536x348.png 1536w, https://gerontocriminologia.com/wp-content/uploads/2025/05/Logo-ysc-horizonatl-investigacion-fondo-blanco.png 1945w" sizes="auto, (max-width: 1024px) 100vw, 1024px" /></figure></div>


<p></p>



<p>&nbsp;</p>



<p>&nbsp;</p>



<p>&nbsp;</p>



<p></p>



<p></p>



<p></p>



<p></p>



<h6 class="wp-block-heading has-contrast-2-color has-text-color has-link-color has-small-font-size wp-elements-73111444565ef71c94fd7fe4e41a2b8b">©2015 Iratxe Herrero Zarate</h6>

<p>&nbsp; ¿Qué es la Gerontocriminología? Gerontocriminología es un termino que acuñé y registré en 2015. &nbsp; Obtuvo la Mención Especial del I Premio a la Innovación en materia criminológica 2016, otorgado por la Sociedad Española de Criminología-SECRIM. &nbsp; &nbsp; ¿Qué es este sitio web? &nbsp; Es un espacio para compartir el enfoque de la Gerontocriminología <a class="read-more" href="https://gerontocriminologia.com/">Read More</a></p>
