{"id":316,"date":"2020-01-23T15:33:43","date_gmt":"2020-01-23T15:33:43","guid":{"rendered":"http:\/\/gerontocriminologia.com\/?page_id=316"},"modified":"2025-05-05T08:45:20","modified_gmt":"2025-05-05T08:45:20","slug":"divulgacion-2","status":"publish","type":"page","link":"https:\/\/gerontocriminologia.com\/?page_id=316","title":{"rendered":"Divulgaci\u00f3n"},"content":{"rendered":"\n<p class=\"has-large-font-size\"><strong>\u00bfQuieres conocer m\u00e1s sobre la Gerontocriminolog\u00eda y su aplicaci\u00f3n pr\u00e1ctica?<\/strong><\/p>\n\n\n\n<p><\/p>\n\n\n\n<p style=\"font-size:30px\">Te indico algunas publicaciones para que puedas consultarlas.<\/p>\n\n\n\n<ul class=\"wp-block-list has-medium-font-size\">\n<li>\u00abViolencia de g\u00e9nero y mujeres mayores en la Comunidad Aut\u00f3noma de Euskadi: visibilizando una realidad opaca\u00bb. Investigaci\u00f3n realizada para Emakunde &#8211; Instituto Vasco de la Mujer (Gobierno Vasco). Disponible en&nbsp; <a href=\"https:\/\/www.emakunde.euskadi.eus\/contenidos\/informacion\/publicaciones_bekak\/es_def\/adjuntos\/beca_2021_3.pdf\">https:\/\/www.emakunde.euskadi.eus\/contenidos\/informacion\/publicaciones_bekak\/es_def\/adjuntos\/beca_2021_3.pdf<\/a><\/li>\n<\/ul>\n\n\n\n<ul class=\"wp-block-list has-medium-font-size\">\n<li>\u00abLa respuesta social a las mujeres mayores v\u00edctimas de violencia de g\u00e9nero en la Comunidad Aut\u00f3noma de Euskadi\u00bb. Zerbitzuan, <em>84<\/em>, 73-83. <a href=\"https:\/\/www.zerbitzuan.net\/documentos\/zerbitzuan\/La_respuesta_social_a_las_mujeres_mayores.pdf\">https:\/\/www.zerbitzuan.net\/documentos\/zerbitzuan\/La_respuesta_social_a_las_mujeres_mayores.pdf<\/a><\/li>\n<\/ul>\n\n\n\n<p><\/p>\n\n\n\n<ul class=\"wp-block-list has-medium-font-size\">\n<li>\u00abViolencia de g\u00e9nero y personas mayores: el enfoque de la Gerontocriminolog\u00eda.\u00bb(27-34). En Castro, M. (Coord.), Derecho, G\u00e9nero y Edad. A Coru\u00f1a: Editorial Colex.<\/li>\n<\/ul>\n\n\n\n<ul class=\"wp-block-list has-medium-font-size\">\n<li>\u00abPersonas mayores v\u00edctimas y delincuentes: el enfoque de la Gerontocriminolog\u00eda\u00bb. En R\u00edos Patios, G. (Ed), I Congreso Iberoamericano de Criminolog\u00eda, Victimolog\u00eda, Pol\u00edtica Criminol\u00f3gica y Pol\u00edtica Victimol\u00f3gica. Lima: Instituto Pac\u00edfico.<\/li>\n<\/ul>\n\n\n\n<ul class=\"wp-block-list has-medium-font-size\">\n<li>\u00abDelincuencia en poblaci\u00f3n adulta mayor: an\u00e1lisis comparado en el Per\u00fa y Espa\u00f1a. Una aproximaci\u00f3n desde la Gerontocriminolog\u00eda\u00bb. En R\u00edos Patios, G. (Ed), Criminolog\u00edas comparadas. Lima: Instituto Pac\u00edfico.<\/li>\n<\/ul>\n\n\n\n<ul class=\"wp-block-list has-medium-font-size\">\n<li>\u00abGerontocriminolog\u00eda: el estudio de las personas mayores como objeto y sujeto del delito\u00bb. En R\u00edos Patios, G. (Ed), Criminolog\u00edas espec\u00edficas (pp. 131-139). Lima: Instituto Pac\u00edfico.&nbsp;<\/li>\n<\/ul>\n\n\n\n<ul class=\"wp-block-list has-medium-font-size\">\n<li>\u00abGerontocriminolog\u00eda: el espacio donde gerontolog\u00eda y criminolog\u00eda se dan la mano\u00bb. Polibea, 118, 35-38.<\/li>\n<\/ul>\n\n\n\n<ul class=\"wp-block-list has-medium-font-size\">\n<li>\u00abLas personas mayores como v\u00edctimas del delito\u00bb. Polibea, 119, 38-41.<\/li>\n<\/ul>\n\n\n\n<ul class=\"wp-block-list has-medium-font-size\">\n<li>\u00abVictimizaci\u00f3n de personas mayores en el \u00e1mbito social\u00bb. Polibea, 121, 34-37.&nbsp;<\/li>\n<\/ul>\n\n\n\n<ul class=\"wp-block-list has-medium-font-size\">\n<li>\u00abVictimizaci\u00f3n de personas mayores en el \u00e1mbito familiar\u00bb. Polibea, 120, 36-39.<\/li>\n<\/ul>\n\n\n\n<ul class=\"wp-block-list has-medium-font-size\">\n<li>\u00abViolencia de g\u00e9nero hacia mujeres mayores: algunas reflexiones desde la gerontocriminolog\u00eda\u00bb. Polibea, 127,18-21.<\/li>\n<\/ul>\n\n\n\n<p><\/p>\n\n\n\n<ul class=\"wp-block-list has-medium-font-size\">\n<li>\u00abPersonas mayores: v\u00edctimas olvidadas\u00bb. Revista digital Geriatricarea. 25 de noviembre de 2015. Disponible en <a href=\"http:\/\/geriatricarea.com\/personas-mayores-victimas-olvidadas\/\">http:\/\/geriatricarea.com\/personas-mayores-victimas-olvidadas\/<\/a><\/li>\n<\/ul>\n\n\n\n<p><\/p>\n\n\n\n<p><\/p>\n\n\n\n<p class=\"has-medium-font-size\"><\/p>\n\n\n\n<p><\/p>\n","protected":false},"excerpt":{"rendered":"<p>\u00bfQuieres conocer m\u00e1s sobre la Gerontocriminolog\u00eda y su aplicaci\u00f3n pr\u00e1ctica? Te indico algunas publicaciones para que puedas consultarlas.<\/p>\n","protected":false},"author":1,"featured_media":0,"parent":0,"menu_order":0,"comment_status":"closed","ping_status":"closed","template":"","meta":{"footnotes":""},"class_list":["post-316","page","type-page","status-publish","hentry"],"_links":{"self":[{"href":"https:\/\/gerontocriminologia.com\/index.php?rest_route=\/wp\/v2\/pages\/316","targetHints":{"allow":["GET"]}}],"collection":[{"href":"https:\/\/gerontocriminologia.com\/index.php?rest_route=\/wp\/v2\/pages"}],"about":[{"href":"https:\/\/gerontocriminologia.com\/index.php?rest_route=\/wp\/v2\/types\/page"}],"author":[{"embeddable":true,"href":"https:\/\/gerontocriminologia.com\/index.php?rest_route=\/wp\/v2\/users\/1"}],"replies":[{"embeddable":true,"href":"https:\/\/gerontocriminologia.com\/index.php?rest_route=%2Fwp%2Fv2%2Fcomments&post=316"}],"version-history":[{"count":24,"href":"https:\/\/gerontocriminologia.com\/index.php?rest_route=\/wp\/v2\/pages\/316\/revisions"}],"predecessor-version":[{"id":769,"href":"https:\/\/gerontocriminologia.com\/index.php?rest_route=\/wp\/v2\/pages\/316\/revisions\/769"}],"wp:attachment":[{"href":"https:\/\/gerontocriminologia.com\/index.php?rest_route=%2Fwp%2Fv2%2Fmedia&parent=316"}],"curies":[{"name":"wp","href":"https:\/\/api.w.org\/{rel}","templated":true}]}}

Divulgación

<p class="has-large-font-size"><strong>¿Quieres conocer más sobre la Gerontocriminología y su aplicación práctica?</strong></p>



<p></p>



<p style="font-size:30px">Te indico algunas publicaciones para que puedas consultarlas.</p>



<ul class="wp-block-list has-medium-font-size">
<li>«Violencia de género y mujeres mayores en la Comunidad Autónoma de Euskadi: visibilizando una realidad opaca». Investigación realizada para Emakunde &#8211; Instituto Vasco de la Mujer (Gobierno Vasco). Disponible en&nbsp; <a href="https://www.emakunde.euskadi.eus/contenidos/informacion/publicaciones_bekak/es_def/adjuntos/beca_2021_3.pdf">https://www.emakunde.euskadi.eus/contenidos/informacion/publicaciones_bekak/es_def/adjuntos/beca_2021_3.pdf</a></li>
</ul>



<ul class="wp-block-list has-medium-font-size">
<li>«La respuesta social a las mujeres mayores víctimas de violencia de género en la Comunidad Autónoma de Euskadi». Zerbitzuan, <em>84</em>, 73-83. <a href="https://www.zerbitzuan.net/documentos/zerbitzuan/La_respuesta_social_a_las_mujeres_mayores.pdf">https://www.zerbitzuan.net/documentos/zerbitzuan/La_respuesta_social_a_las_mujeres_mayores.pdf</a></li>
</ul>



<p></p>



<ul class="wp-block-list has-medium-font-size">
<li>«Violencia de género y personas mayores: el enfoque de la Gerontocriminología.»(27-34). En Castro, M. (Coord.), Derecho, Género y Edad. A Coruña: Editorial Colex.</li>
</ul>



<ul class="wp-block-list has-medium-font-size">
<li>«Personas mayores víctimas y delincuentes: el enfoque de la Gerontocriminología». En Ríos Patios, G. (Ed), I Congreso Iberoamericano de Criminología, Victimología, Política Criminológica y Política Victimológica. Lima: Instituto Pacífico.</li>
</ul>



<ul class="wp-block-list has-medium-font-size">
<li>«Delincuencia en población adulta mayor: análisis comparado en el Perú y España. Una aproximación desde la Gerontocriminología». En Ríos Patios, G. (Ed), Criminologías comparadas. Lima: Instituto Pacífico.</li>
</ul>



<ul class="wp-block-list has-medium-font-size">
<li>«Gerontocriminología: el estudio de las personas mayores como objeto y sujeto del delito». En Ríos Patios, G. (Ed), Criminologías específicas (pp. 131-139). Lima: Instituto Pacífico.&nbsp;</li>
</ul>



<ul class="wp-block-list has-medium-font-size">
<li>«Gerontocriminología: el espacio donde gerontología y criminología se dan la mano». Polibea, 118, 35-38.</li>
</ul>



<ul class="wp-block-list has-medium-font-size">
<li>«Las personas mayores como víctimas del delito». Polibea, 119, 38-41.</li>
</ul>



<ul class="wp-block-list has-medium-font-size">
<li>«Victimización de personas mayores en el ámbito social». Polibea, 121, 34-37.&nbsp;</li>
</ul>



<ul class="wp-block-list has-medium-font-size">
<li>«Victimización de personas mayores en el ámbito familiar». Polibea, 120, 36-39.</li>
</ul>



<ul class="wp-block-list has-medium-font-size">
<li>«Violencia de género hacia mujeres mayores: algunas reflexiones desde la gerontocriminología». Polibea, 127,18-21.</li>
</ul>



<p></p>



<ul class="wp-block-list has-medium-font-size">
<li>«Personas mayores: víctimas olvidadas». Revista digital Geriatricarea. 25 de noviembre de 2015. Disponible en <a href="http://geriatricarea.com/personas-mayores-victimas-olvidadas/">http://geriatricarea.com/personas-mayores-victimas-olvidadas/</a></li>
</ul>



<p></p>



<p></p>



<p class="has-medium-font-size"></p>



<p></p>

<p>¿Quieres conocer más sobre la Gerontocriminología y su aplicación práctica? Te indico algunas publicaciones para que puedas consultarlas.</p>
