{"id":690,"date":"2025-05-02T13:46:36","date_gmt":"2025-05-02T13:46:36","guid":{"rendered":"https:\/\/gerontocriminologia.com\/?page_id=690"},"modified":"2025-05-05T08:55:12","modified_gmt":"2025-05-05T08:55:12","slug":"la-historia","status":"publish","type":"page","link":"https:\/\/gerontocriminologia.com\/?page_id=690","title":{"rendered":"La historia&#8230;"},"content":{"rendered":"\n<p style=\"font-size:30px\">Todas las personas tenemos una historia, Gerontocriminolog\u00eda tambi\u00e9n la tiene. Te invito a conocerla\u2026<\/p>\n\n\n\n<p><\/p>\n\n\n\n<p class=\"has-x-large-font-size\"><strong>\u00bfC\u00f3mo surge?<\/strong><\/p>\n\n\n\n<p style=\"font-size:30px\">La idea surge de un proceso de reflexi\u00f3n y aprendizaje te\u00f3rico-pr\u00e1ctico resultante de una b\u00fasqueda en el \u00e1mbito criminol\u00f3gico de respuestas relativas al delito&nbsp;contra las personas mayores que complementasen el tratamiento dado a este fen\u00f3meno desde la gerontolog\u00eda, mayoritariamente centrado en el maltrato y en el enfoque social.<\/p>\n\n\n\n<p style=\"font-size:30px\">Como resultado de este proceso, constat\u00e9 la necesidad de desarrollar un <strong>espacio com\u00fan de conocimiento<\/strong> entre ambas disciplinas, que ampl\u00ede<strong> la perspectiva de estudio<\/strong> de los \u00e1mbitos de victimizaci\u00f3n contra las personas mayores, y contemple a estas personas como <strong>v\u00edctimas<\/strong> y tambi\u00e9n como <strong>delincuentes<\/strong>.<\/p>\n\n\n<div class=\"wp-block-image\">\n<figure class=\"aligncenter size-large\"><a href=\"http:\/\/gerontocriminologia.com\/wp-content\/uploads\/2025\/05\/Cuando-G-y-C-se-dan-la-mano.png\"><img loading=\"lazy\" decoding=\"async\" width=\"1024\" height=\"300\" src=\"http:\/\/gerontocriminologia.com\/wp-content\/uploads\/2025\/05\/Cuando-G-y-C-se-dan-la-mano-1024x300.png\" alt=\"\" class=\"wp-image-672\" srcset=\"https:\/\/gerontocriminologia.com\/wp-content\/uploads\/2025\/05\/Cuando-G-y-C-se-dan-la-mano-1024x300.png 1024w, https:\/\/gerontocriminologia.com\/wp-content\/uploads\/2025\/05\/Cuando-G-y-C-se-dan-la-mano-300x88.png 300w, https:\/\/gerontocriminologia.com\/wp-content\/uploads\/2025\/05\/Cuando-G-y-C-se-dan-la-mano-768x225.png 768w, https:\/\/gerontocriminologia.com\/wp-content\/uploads\/2025\/05\/Cuando-G-y-C-se-dan-la-mano-1536x450.png 1536w, https:\/\/gerontocriminologia.com\/wp-content\/uploads\/2025\/05\/Cuando-G-y-C-se-dan-la-mano.png 1985w\" sizes=\"auto, (max-width: 1024px) 100vw, 1024px\" \/><\/a><\/figure><\/div>\n\n\n<p><\/p>\n\n\n\n<p><\/p>\n\n\n\n<p class=\"has-x-large-font-size\"><strong>\u00bfPor qu\u00e9 es necesario?<\/strong><br><\/p>\n\n\n\n<p style=\"font-size:30px\">Por dos razones fundamentales:<\/p>\n\n\n\n<ul class=\"wp-block-list\">\n<li style=\"font-size:30px\">Existen personas mayores <strong>v\u00edctimas y delincuentes<\/strong>, aunque estos roles no han tenido hasta el momento una clara visibilizaci\u00f3n por varios motivos.<\/li>\n<\/ul>\n\n\n\n<p><\/p>\n\n\n\n<ul class=\"wp-block-list\">\n<li style=\"font-size:30px\">Tanto las personas mayores v\u00edctimas como delincuentes presentan <strong>caracter\u00edsticas espec\u00edficas y escasamente estudiadas<\/strong> que requieren de su consideraci\u00f3n conjunta desde el punto de vista gerontol\u00f3gico y criminol\u00f3gico.&nbsp;<\/li>\n<\/ul>\n\n\n\n<p><\/p>\n\n\n\n<p style=\"font-size:30px\">Por lo tanto, la existencia y singularidad de ambos perfiles hace necesario que se reconozcan como objeto de estudio espec\u00edfico y que se investigue al respecto desde un enfoque integrador en el espacio com\u00fan de la Gerontocriminolog\u00eda que, por su car\u00e1cter colaborativo, est\u00e1 tambi\u00e9n abierto al aporte de otras ciencias.<\/p>\n\n\n\n<p class=\"has-x-large-font-size\"><strong>\u00bfQu\u00e9 aplicaci\u00f3n pr\u00e1ctica tiene?<\/strong><br><\/p>\n\n\n\n<ul class=\"wp-block-list\">\n<li style=\"font-size:30px\">Desde la perspectiva de la victimizaci\u00f3n, se aplica a la <strong>prevenci\u00f3n de la victimizaci\u00f3n<\/strong> y la <strong>mejora de la seguridad<\/strong> de las personas mayores en el espacio p\u00fablico y privado.<\/li>\n<\/ul>\n\n\n\n<p><\/p>\n\n\n\n<ul class=\"wp-block-list\">\n<li style=\"font-size:30px\">Desde la perspectiva de la delincuencia, se aplica, entre otros, al \u00e1mbito de la <strong>reinserci\u00f3n <\/strong>o en la <strong>respuesta penitenciaria y judicial<\/strong>.<\/li>\n<\/ul>\n\n\n\n<p style=\"font-size:30px\"><\/p>\n\n\n\n<ul class=\"wp-block-list has-large-font-size\">\n<li><\/li>\n<\/ul>\n\n\n\n<p><\/p>\n","protected":false},"excerpt":{"rendered":"<p>Todas las personas tenemos una historia, Gerontocriminolog\u00eda tambi\u00e9n la tiene. Te invito a conocerla\u2026 \u00bfC\u00f3mo surge? La idea surge de un proceso de reflexi\u00f3n y aprendizaje te\u00f3rico-pr\u00e1ctico resultante de una b\u00fasqueda en el \u00e1mbito criminol\u00f3gico de respuestas relativas al delito&nbsp;contra las personas mayores que complementasen el tratamiento dado a este fen\u00f3meno desde la gerontolog\u00eda, mayoritariamente <a class=\"read-more\" href=\"https:\/\/gerontocriminologia.com\/?page_id=690\">Read More<\/a><\/p>\n","protected":false},"author":1,"featured_media":0,"parent":0,"menu_order":0,"comment_status":"closed","ping_status":"closed","template":"","meta":{"footnotes":""},"class_list":["post-690","page","type-page","status-publish","hentry"],"_links":{"self":[{"href":"https:\/\/gerontocriminologia.com\/index.php?rest_route=\/wp\/v2\/pages\/690","targetHints":{"allow":["GET"]}}],"collection":[{"href":"https:\/\/gerontocriminologia.com\/index.php?rest_route=\/wp\/v2\/pages"}],"about":[{"href":"https:\/\/gerontocriminologia.com\/index.php?rest_route=\/wp\/v2\/types\/page"}],"author":[{"embeddable":true,"href":"https:\/\/gerontocriminologia.com\/index.php?rest_route=\/wp\/v2\/users\/1"}],"replies":[{"embeddable":true,"href":"https:\/\/gerontocriminologia.com\/index.php?rest_route=%2Fwp%2Fv2%2Fcomments&post=690"}],"version-history":[{"count":12,"href":"https:\/\/gerontocriminologia.com\/index.php?rest_route=\/wp\/v2\/pages\/690\/revisions"}],"predecessor-version":[{"id":781,"href":"https:\/\/gerontocriminologia.com\/index.php?rest_route=\/wp\/v2\/pages\/690\/revisions\/781"}],"wp:attachment":[{"href":"https:\/\/gerontocriminologia.com\/index.php?rest_route=%2Fwp%2Fv2%2Fmedia&parent=690"}],"curies":[{"name":"wp","href":"https:\/\/api.w.org\/{rel}","templated":true}]}}

<p style="font-size:30px">Todas las personas tenemos una historia, Gerontocriminología también la tiene. Te invito a conocerla…</p>



<p></p>



<p class="has-x-large-font-size"><strong>¿Cómo surge?</strong></p>



<p style="font-size:30px">La idea surge de un proceso de reflexión y aprendizaje teórico-práctico resultante de una búsqueda en el ámbito criminológico de respuestas relativas al delito&nbsp;contra las personas mayores que complementasen el tratamiento dado a este fenómeno desde la gerontología, mayoritariamente centrado en el maltrato y en el enfoque social.</p>



<p style="font-size:30px">Como resultado de este proceso, constaté la necesidad de desarrollar un <strong>espacio común de conocimiento</strong> entre ambas disciplinas, que amplíe<strong> la perspectiva de estudio</strong> de los ámbitos de victimización contra las personas mayores, y contemple a estas personas como <strong>víctimas</strong> y también como <strong>delincuentes</strong>.</p>


<div class="wp-block-image">
<figure class="aligncenter size-large"><a href="http://gerontocriminologia.com/wp-content/uploads/2025/05/Cuando-G-y-C-se-dan-la-mano.png"><img loading="lazy" decoding="async" width="1024" height="300" src="http://gerontocriminologia.com/wp-content/uploads/2025/05/Cuando-G-y-C-se-dan-la-mano-1024x300.png" alt="" class="wp-image-672" srcset="https://gerontocriminologia.com/wp-content/uploads/2025/05/Cuando-G-y-C-se-dan-la-mano-1024x300.png 1024w, https://gerontocriminologia.com/wp-content/uploads/2025/05/Cuando-G-y-C-se-dan-la-mano-300x88.png 300w, https://gerontocriminologia.com/wp-content/uploads/2025/05/Cuando-G-y-C-se-dan-la-mano-768x225.png 768w, https://gerontocriminologia.com/wp-content/uploads/2025/05/Cuando-G-y-C-se-dan-la-mano-1536x450.png 1536w, https://gerontocriminologia.com/wp-content/uploads/2025/05/Cuando-G-y-C-se-dan-la-mano.png 1985w" sizes="auto, (max-width: 1024px) 100vw, 1024px" /></a></figure></div>


<p></p>



<p></p>



<p class="has-x-large-font-size"><strong>¿Por qué es necesario?</strong><br></p>



<p style="font-size:30px">Por dos razones fundamentales:</p>



<ul class="wp-block-list">
<li style="font-size:30px">Existen personas mayores <strong>víctimas y delincuentes</strong>, aunque estos roles no han tenido hasta el momento una clara visibilización por varios motivos.</li>
</ul>



<p></p>



<ul class="wp-block-list">
<li style="font-size:30px">Tanto las personas mayores víctimas como delincuentes presentan <strong>características específicas y escasamente estudiadas</strong> que requieren de su consideración conjunta desde el punto de vista gerontológico y criminológico.&nbsp;</li>
</ul>



<p></p>



<p style="font-size:30px">Por lo tanto, la existencia y singularidad de ambos perfiles hace necesario que se reconozcan como objeto de estudio específico y que se investigue al respecto desde un enfoque integrador en el espacio común de la Gerontocriminología que, por su carácter colaborativo, está también abierto al aporte de otras ciencias.</p>



<p class="has-x-large-font-size"><strong>¿Qué aplicación práctica tiene?</strong><br></p>



<ul class="wp-block-list">
<li style="font-size:30px">Desde la perspectiva de la victimización, se aplica a la <strong>prevención de la victimización</strong> y la <strong>mejora de la seguridad</strong> de las personas mayores en el espacio público y privado.</li>
</ul>



<p></p>



<ul class="wp-block-list">
<li style="font-size:30px">Desde la perspectiva de la delincuencia, se aplica, entre otros, al ámbito de la <strong>reinserción </strong>o en la <strong>respuesta penitenciaria y judicial</strong>.</li>
</ul>



<p style="font-size:30px"></p>



<ul class="wp-block-list has-large-font-size">
<li></li>
</ul>



<p></p>

<p>Todas las personas tenemos una historia, Gerontocriminología también la tiene. Te invito a conocerla… ¿Cómo surge? La idea surge de un proceso de reflexión y aprendizaje teórico-práctico resultante de una búsqueda en el ámbito criminológico de respuestas relativas al delito&nbsp;contra las personas mayores que complementasen el tratamiento dado a este fenómeno desde la gerontología, mayoritariamente <a class="read-more" href="https://gerontocriminologia.com/?page_id=690">Read More</a></p>
